{"id":664,"date":"2021-11-04T07:50:50","date_gmt":"2021-11-04T07:50:50","guid":{"rendered":"http:\/\/kfz-pichlerjoe.at\/wordpressjoe\/?page_id=664"},"modified":"2021-11-04T19:20:47","modified_gmt":"2021-11-04T19:20:47","slug":"cookie-einstellungen","status":"publish","type":"page","link":"http:\/\/kfz-pichlerjoe.at\/wordpressjoe\/?page_id=664","title":{"rendered":"Cookie Einstellungen"},"content":{"rendered":"\n<h5>Cookie-Richtlinie<\/h5>\n\n\n\n<p>Cookies werden zur Benutzerf\u00fchrung und Webanalyse verwendet und helfen dabei, diese Website besser zu machen. Wenn du diese Seite weiter benutzt, gehen wir davon aus, dass du mit unseren Datenschutzbestimmungen einverstanden bist: <a href=\"https:\/\/www.kfztechnikpichler.at\/cookie-einstellungen\/\">Cookie Richtlinie<\/a><a href=\"https:\/\/www.kfztechnikpichler.at\/impressum\/\">Impressum<\/a><a href=\"https:\/\/www.kfztechnikpichler.at\/datenschutz\/\">Datenschutz<\/a>Unbedingt erforderlichFunktionellPerformance<\/p>\n\n\n\n<h5>Unbedingt erforderlich<\/h5>\n\n\n\n<p>Unbedingt erforderliche Cookies erm\u00f6glichen grundlegende Funktionen und sind f\u00fcr die einwandfreie Funktion der Website erforderlich. Daher kann man sie nicht deaktivieren. Diese Art von Cookies wird ausschlie\u00dflich von dem Betreiber der Website verwendet (First-Party-Cookie) und s\u00e4mtliche Informationen, die in den Cookies gespeichert sind, werden nur an diese Website gesendet.Keine Cookies in dieser Kategorie<\/p>\n\n\n\n<h5>Funktionell<\/h5>\n\n\n\n<p>Funktionelle Cookies erm\u00f6glichen dieser Website, bestimmte Funktionen zur Verf\u00fcgung zu stellen und Informationen zu speichern, die vom Nutzer eingegeben wurden \u2013 beispielsweise bereits registrierte Namen oder die Sprachauswahl. Damit werden verbesserte und personalisierte Funktionen gew\u00e4hrleistet.Google MapsDiese Cookies sind Teil von Google Maps. Anbieter: Google LLC, 1600 Amphitheatre Parkway, Mountain View, CA 94043, USA oder Google Ireland Limited, Gordon House, Barrow Street, Dublin 4, wenn Sie in der EU ans\u00e4ssig sind. Cookie-Namen und Lebensdauer: UULE (Lebensdauer: 1 Tag), OTZ (Lebensdauer: 2 Wochen), 1P_JAR (Lebensdauer: 1 Monat), SIDCC (Lebensdauer: 1 Jahr), _Secure-3PAPISID (Lebensdauer: 2 Jahre), _Secure-APSID (Lebensdauer: 2 Monate), _Secure-SSID (Lebensdauer: 2 Jahre), HSID (Lebensdauer: 2 Jahre), _Secure-3PSID (Lebensdauer: 2 Jahre), ANID (Lebensdauer: 1 Jahr), SID (Lebensdauer: 2 Jahre) APISID (Lebensdauer: 2 Jahre), _Secure-HSID (Lebensdauer: 2 Monate), SAPISID (Lebensdauer: 2 Jahre), NID (Lebensdauer: 6 Monate)<a href=\"https:\/\/policies.google.com\/technologies\/cookies\" target=\"_blank\" rel=\"noreferrer noopener\">Cookie-Richtlinie<\/a><a href=\"https:\/\/policies.google.com\/privacy\" target=\"_blank\" rel=\"noreferrer noopener\">Datenschutzerkl\u00e4rung<\/a><\/p>\n\n\n\n<h5>Marketing \/ Third Party<\/h5>\n\n\n\n<p>Marketing- \/ Third Party-Cookies stammen unter anderem von externen Werbeunternehmen und werden verwendet, um Informationen \u00fcber die vom Nutzer besuchten Websites zu sammeln, um z. B. zielgruppenorientierte Werbung f\u00fcr den Benutzer zu erstellen.Keine Cookies in dieser Kategorie<\/p>\n\n\n\n<h5>Performance<\/h5>\n\n\n\n<p>Die Performance-Cookies sammeln Informationen dar\u00fcber, wie diese Website genutzt wird. Der Betreiber der Website nutzt diese Cookies um die Attraktivit\u00e4t, den Inhalt und die Funktionalit\u00e4t der Website zu verbessern.Google AnalyticsDiese Cookies sammeln anonymisierte Informationen zu Analysezwecken \u2013 z. B. wie Besucher die Website nutzen und mit ihr interagieren. Anbieter: Google LLC, 1600 Amphitheatre Parkway, Mountain View, CA 94043, USA oder Google Ireland Limited, Gordon House, Barrow Street, Dublin 4, Irland, wenn Sie in der EU ans\u00e4ssig sind. Cookie-Namen:_ga, _gat und_gid) Cookie-Lebensdauer: 2 Jahre<a href=\"https:\/\/policies.google.com\/technologies\/cookies\" target=\"_blank\" rel=\"noreferrer noopener\">Cookie-Richtlinie<\/a><a href=\"https:\/\/policies.google.com\/privacy\" target=\"_blank\" rel=\"noreferrer noopener\">Datenschutzerkl\u00e4rung<\/a><\/p>\n","protected":false},"excerpt":{"rendered":"<p>Cookie-Richtlinie Cookies werden zur Benutzerf\u00fchrung und Webanalyse verwendet und helfen dabei, diese Website besser zu machen. Wenn du diese Seite weiter benutzt, gehen wir davon aus, dass du mit unseren Datenschutzbestimmungen einverstanden bist: Cookie RichtlinieImpressumDatenschutzUnbedingt erforderlichFunktionellPerformance Unbedingt erforderlich Unbedingt erforderliche Cookies erm\u00f6glichen grundlegende Funktionen und sind f\u00fcr die einwandfreie Funktion der Website erforderlich. Daher kann &hellip; <\/p>\n<p class=\"link-more\"><a href=\"http:\/\/kfz-pichlerjoe.at\/wordpressjoe\/?page_id=664\" class=\"more-link\"><span class=\"screen-reader-text\">\u201eCookie Einstellungen\u201c<\/span> weiterlesen<\/a><\/p>\n","protected":false},"author":1,"featured_media":0,"parent":0,"menu_order":0,"comment_status":"closed","ping_status":"closed","template":"","meta":[],"yoast_head":"<!-- This site is optimized with the Yoast SEO plugin v19.13 - https:\/\/yoast.com\/wordpress\/plugins\/seo\/ -->\n<title>Cookie Einstellungen - KFZ Meisterbetrieb Pichler Joe<\/title>\n<meta name=\"robots\" content=\"index, follow, max-snippet:-1, max-image-preview:large, max-video-preview:-1\" \/>\n<link rel=\"canonical\" href=\"http:\/\/kfz-pichlerjoe.at\/wordpressjoe\/?page_id=664\" \/>\n<meta property=\"og:locale\" content=\"de_DE\" \/>\n<meta property=\"og:type\" content=\"article\" \/>\n<meta property=\"og:title\" content=\"Cookie Einstellungen - KFZ Meisterbetrieb Pichler Joe\" \/>\n<meta property=\"og:description\" content=\"Cookie-Richtlinie Cookies werden zur Benutzerf\u00fchrung und Webanalyse verwendet und helfen dabei, diese Website besser zu machen. Wenn du diese Seite weiter benutzt, gehen wir davon aus, dass du mit unseren Datenschutzbestimmungen einverstanden bist: Cookie RichtlinieImpressumDatenschutzUnbedingt erforderlichFunktionellPerformance Unbedingt erforderlich Unbedingt erforderliche Cookies erm\u00f6glichen grundlegende Funktionen und sind f\u00fcr die einwandfreie Funktion der Website erforderlich. Daher kann &hellip; \u201eCookie Einstellungen\u201c weiterlesen\" \/>\n<meta property=\"og:url\" content=\"http:\/\/kfz-pichlerjoe.at\/wordpressjoe\/?page_id=664\" \/>\n<meta property=\"og:site_name\" content=\"KFZ Meisterbetrieb Pichler Joe\" \/>\n<meta property=\"article:modified_time\" content=\"2021-11-04T19:20:47+00:00\" \/>\n<meta name=\"twitter:card\" content=\"summary_large_image\" \/>\n<meta name=\"twitter:label1\" content=\"Gesch\u00e4tzte Lesezeit\" \/>\n\t<meta name=\"twitter:data1\" content=\"2\u00a0Minuten\" \/>\n<script type=\"application\/ld+json\" class=\"yoast-schema-graph\">{\"@context\":\"https:\/\/schema.org\",\"@graph\":[{\"@type\":\"WebPage\",\"@id\":\"http:\/\/kfz-pichlerjoe.at\/wordpressjoe\/?page_id=664\",\"url\":\"http:\/\/kfz-pichlerjoe.at\/wordpressjoe\/?page_id=664\",\"name\":\"Cookie Einstellungen - KFZ Meisterbetrieb Pichler Joe\",\"isPartOf\":{\"@id\":\"http:\/\/kfz-pichlerjoe.at\/wordpressjoe\/#website\"},\"datePublished\":\"2021-11-04T07:50:50+00:00\",\"dateModified\":\"2021-11-04T19:20:47+00:00\",\"breadcrumb\":{\"@id\":\"http:\/\/kfz-pichlerjoe.at\/wordpressjoe\/?page_id=664#breadcrumb\"},\"inLanguage\":\"de\",\"potentialAction\":[{\"@type\":\"ReadAction\",\"target\":[\"http:\/\/kfz-pichlerjoe.at\/wordpressjoe\/?page_id=664\"]}]},{\"@type\":\"BreadcrumbList\",\"@id\":\"http:\/\/kfz-pichlerjoe.at\/wordpressjoe\/?page_id=664#breadcrumb\",\"itemListElement\":[{\"@type\":\"ListItem\",\"position\":1,\"name\":\"Startseite\",\"item\":\"http:\/\/kfz-pichlerjoe.at\/wordpressjoe\"},{\"@type\":\"ListItem\",\"position\":2,\"name\":\"Cookie Einstellungen\"}]},{\"@type\":\"WebSite\",\"@id\":\"http:\/\/kfz-pichlerjoe.at\/wordpressjoe\/#website\",\"url\":\"http:\/\/kfz-pichlerjoe.at\/wordpressjoe\/\",\"name\":\"KFZ Meisterbetrieb Pichler Joe\",\"description\":\"8250 Vorau, Puchegg 9\",\"potentialAction\":[{\"@type\":\"SearchAction\",\"target\":{\"@type\":\"EntryPoint\",\"urlTemplate\":\"http:\/\/kfz-pichlerjoe.at\/wordpressjoe\/?s={search_term_string}\"},\"query-input\":\"required name=search_term_string\"}],\"inLanguage\":\"de\"}]}<\/script>\n<!-- \/ Yoast SEO plugin. -->","yoast_head_json":{"title":"Cookie Einstellungen - KFZ Meisterbetrieb Pichler Joe","robots":{"index":"index","follow":"follow","max-snippet":"max-snippet:-1","max-image-preview":"max-image-preview:large","max-video-preview":"max-video-preview:-1"},"canonical":"http:\/\/kfz-pichlerjoe.at\/wordpressjoe\/?page_id=664","og_locale":"de_DE","og_type":"article","og_title":"Cookie Einstellungen - KFZ Meisterbetrieb Pichler Joe","og_description":"Cookie-Richtlinie Cookies werden zur Benutzerf\u00fchrung und Webanalyse verwendet und helfen dabei, diese Website besser zu machen. Wenn du diese Seite weiter benutzt, gehen wir davon aus, dass du mit unseren Datenschutzbestimmungen einverstanden bist: Cookie RichtlinieImpressumDatenschutzUnbedingt erforderlichFunktionellPerformance Unbedingt erforderlich Unbedingt erforderliche Cookies erm\u00f6glichen grundlegende Funktionen und sind f\u00fcr die einwandfreie Funktion der Website erforderlich. Daher kann &hellip; \u201eCookie Einstellungen\u201c weiterlesen","og_url":"http:\/\/kfz-pichlerjoe.at\/wordpressjoe\/?page_id=664","og_site_name":"KFZ Meisterbetrieb Pichler Joe","article_modified_time":"2021-11-04T19:20:47+00:00","twitter_card":"summary_large_image","twitter_misc":{"Gesch\u00e4tzte Lesezeit":"2\u00a0Minuten"},"schema":{"@context":"https:\/\/schema.org","@graph":[{"@type":"WebPage","@id":"http:\/\/kfz-pichlerjoe.at\/wordpressjoe\/?page_id=664","url":"http:\/\/kfz-pichlerjoe.at\/wordpressjoe\/?page_id=664","name":"Cookie Einstellungen - KFZ Meisterbetrieb Pichler Joe","isPartOf":{"@id":"http:\/\/kfz-pichlerjoe.at\/wordpressjoe\/#website"},"datePublished":"2021-11-04T07:50:50+00:00","dateModified":"2021-11-04T19:20:47+00:00","breadcrumb":{"@id":"http:\/\/kfz-pichlerjoe.at\/wordpressjoe\/?page_id=664#breadcrumb"},"inLanguage":"de","potentialAction":[{"@type":"ReadAction","target":["http:\/\/kfz-pichlerjoe.at\/wordpressjoe\/?page_id=664"]}]},{"@type":"BreadcrumbList","@id":"http:\/\/kfz-pichlerjoe.at\/wordpressjoe\/?page_id=664#breadcrumb","itemListElement":[{"@type":"ListItem","position":1,"name":"Startseite","item":"http:\/\/kfz-pichlerjoe.at\/wordpressjoe"},{"@type":"ListItem","position":2,"name":"Cookie Einstellungen"}]},{"@type":"WebSite","@id":"http:\/\/kfz-pichlerjoe.at\/wordpressjoe\/#website","url":"http:\/\/kfz-pichlerjoe.at\/wordpressjoe\/","name":"KFZ Meisterbetrieb Pichler Joe","description":"8250 Vorau, Puchegg 9","potentialAction":[{"@type":"SearchAction","target":{"@type":"EntryPoint","urlTemplate":"http:\/\/kfz-pichlerjoe.at\/wordpressjoe\/?s={search_term_string}"},"query-input":"required name=search_term_string"}],"inLanguage":"de"}]}},"_links":{"self":[{"href":"http:\/\/kfz-pichlerjoe.at\/wordpressjoe\/index.php?rest_route=\/wp\/v2\/pages\/664"}],"collection":[{"href":"http:\/\/kfz-pichlerjoe.at\/wordpressjoe\/index.php?rest_route=\/wp\/v2\/pages"}],"about":[{"href":"http:\/\/kfz-pichlerjoe.at\/wordpressjoe\/index.php?rest_route=\/wp\/v2\/types\/page"}],"author":[{"embeddable":true,"href":"http:\/\/kfz-pichlerjoe.at\/wordpressjoe\/index.php?rest_route=\/wp\/v2\/users\/1"}],"replies":[{"embeddable":true,"href":"http:\/\/kfz-pichlerjoe.at\/wordpressjoe\/index.php?rest_route=%2Fwp%2Fv2%2Fcomments&post=664"}],"version-history":[{"count":2,"href":"http:\/\/kfz-pichlerjoe.at\/wordpressjoe\/index.php?rest_route=\/wp\/v2\/pages\/664\/revisions"}],"predecessor-version":[{"id":688,"href":"http:\/\/kfz-pichlerjoe.at\/wordpressjoe\/index.php?rest_route=\/wp\/v2\/pages\/664\/revisions\/688"}],"wp:attachment":[{"href":"http:\/\/kfz-pichlerjoe.at\/wordpressjoe\/index.php?rest_route=%2Fwp%2Fv2%2Fmedia&parent=664"}],"curies":[{"name":"wp","href":"https:\/\/api.w.org\/{rel}","templated":true}]}}